
Let i(v) = 22*v + 81. Let j(u) = -11*u - 41. Let o(f) = 3*i(f) + 7*j(f). Let h be o(-13). What is the highest common factor of 36 and h?
9
Let c = 53 + -48. Let d be 0 + 2 + -1*(c + -3). Suppose 5*w + 48 - 209 = -2*h, -h + 2*w + 76 = d. What is the highest common factor of 6 and h?
6
Suppose 5*k - 81 + 61 = 0. Suppose 0 = -2*l - 4*m + k, 0 = l - 0*m - 5*m - 37. Let w = -9 + 13. What is the highest common divisor of w and l?
4
Let l = 10220 + -10178. Suppose -115 = -2*s + v - 5, 4*v - 8 = 0. Calculate the highest common divisor of s and l.
14
Suppose -29*b + 4 = -26*b + 2*k, 3*k - 4 = -4*b. What is the highest common factor of b and 772?
4
Suppose t - 2*h - 498 = 0, -4*t + 13*h = 10*h - 2007. Suppose -123*q + 121*q + t = 0. Calculate the highest common divisor of 24 and q.
12
Let m = 250 + -215. Suppose -3*w + 4*w = m. What is the highest common divisor of 245 and w?
35
Suppose 2*c - 2*h - 1354 - 1234 = 0, c + 2*h - 1306 = 0. What is the highest common divisor of c and 531?
59
Suppose 3*c - 81 - 141 = 0. Let i be ((-8)/(-14))/(-1) + 9471/(-147). Let v = c + i. Calculate the highest common divisor of 108 and v.
9
Let k be (((-24)/15)/((-20)/(-50)) - -39) + 1. What is the highest common divisor of 3996 and k?
36
Let v be ((-2)/(-6))/((-16)/(-24))*0. Suppose z - y + v + 6 = 0, 2*y = 3*z + 21. Let t be (1155/14)/(2 - z/(-6)). What is the highest common factor of t and 66?
33
Let l be -30*(792/(-10))/6. Suppose -n = -5*s - 59, -6*n = -3*n + 3*s - 123. What is the greatest common factor of n and l?
44
Let f be 976/(-28)*1428/(-24). Calculate the highest common divisor of 122 and f.
122
Let a be (-28)/8*13/(39/(-54)). Let c(w) = -w**3 + 10*w**2 + 11*w + 9. Let i be c(9). Suppose 3*m + i = 12*m. Calculate the greatest common divisor of a and m.
21
Suppose 4*k + 212 = b + 42, -3*b + 580 = 2*k. Let z = -73 + b. What is the greatest common divisor of 9 and z?
9
Suppose -3*i = 4*h - 6, 5*h + 2*i = -3*i + 10. Suppose -2*y + 2*k + 82 = h, 9*k + 79 = 2*y + 6*k. What is the highest common factor of 836 and y?
44
Let n be -1 - (2 + -44)/(-1). Let y be (-4)/(-6)*2067/26. Let v = n + y. Calculate the highest common factor of 20 and v.
10
Let r(m) = 7*m + 70. Let l be r(-6). Let y be 2/(-9) + (-2)/(-9). Let i = l - y. What is the highest common divisor of 56 and i?
28
Let x be (4080/32)/(-85)*(-2256)/(1 + 1). Calculate the highest common divisor of x and 33.
3
Suppose -16 = -4*x + 3*z - 8*z, -3*x = 5*z - 12. Let l be 2 + (-3627)/(-31) + (-12)/4. What is the greatest common divisor of l and x?
4
Let k(r) = r**2 - 9*r - 4. Let o be k(10). Let w be 2/6 - (-785)/(-15). Let q = w - -94. Calculate the greatest common factor of q and o.
6
Let d = -6678 - -6684. What is the greatest common divisor of d and 693?
3
Let n be 282286/372 - ((-140)/24)/5. Calculate the greatest common divisor of n and 4104.
152
Suppose 4*m = -z - 3*z + 144, -42 = -2*z + 4*m. Let q = -2140 - -2264. What is the highest common factor of z and q?
31
Suppose 2*u + 2*i + 24 = 0, -5*u - 3*i - 43 = -u. Let g(m) = -59*m - 205. Let o be g(u). What is the highest common divisor of o and 312?
104
Let s(c) = 14*c. Let h be s(2). Suppose 0 = -13*q + 1152 + 1544 + 580. Calculate the highest common factor of q and h.
28
Let x = -9929 + 19846. Calculate the highest common divisor of 47 and x.
47
Suppose 3*h + 5 - 2 = -3*t, 0 = 5*t + 5. Suppose 3*u + u - u = h. Suppose u = 3*s + 10*s - 468. Calculate the highest common divisor of s and 6.
6
Let m = -39 + 67. Let f be (3 + 0)*(5220/27)/2. Suppose -94 = 7*w - f. Calculate the highest common factor of w and m.
28
Let x(r) = 9*r**3 + 2*r**2 + 17*r + 0*r - 2 - 20*r. Let u be x(2). Calculate the greatest common divisor of 8 and u.
8
Suppose 0 = -5*d - 3*z + 309, z + 185 + 69 = 4*d. What is the highest common factor of 54 and d?
9
Suppose 80*n + 2965 = 47765. Calculate the greatest common divisor of 525 and n.
35
Let m(k) = -k**2 - 9*k + 2. Let j be m(-7). What is the highest common factor of 188 and j?
4
Suppose r = 2*q - 6*q + 2, 2*q = 2*r - 34. Suppose -5*p + 3*s - 821 = r, 3*s = 15. Let m be (p + 3)/(3/(-3)). Calculate the highest common factor of 23 and m.
23
Let k(p) = -46*p - p**3 + 103*p + 17 - 51*p - 4*p**2. Let i be k(-5). What is the highest common factor of i and 96?
12
Let p = -717 + 783. Let h(x) = -x**2 + 5*x. Let u be h(5). Suppose u*o = -2*o + p. Calculate the highest common factor of 22 and o.
11
Suppose -3*o + w - 232 = 51, -5*o + 5*w = 475. Let r be (-4 + (5 - o/10))*15. Calculate the greatest common divisor of 12 and r.
12
Let i(u) = -u**2 + 17*u - 26. Let j be i(15). Suppose 202 = j*n - 2*g, -87 + 327 = 5*n - 5*g. What is the greatest common divisor of n and 106?
53
Suppose 4*j = 2*v + 1472, -136 = -j + v + 228. What is the greatest common factor of 1302 and j?
186
Suppose -6*p + 29 = -31. Suppose -p*a + 510 = -5*a. Suppose 2*v - 2*s - 44 = 0, 0 = 5*v - 3*s + 2*s - a. What is the highest common factor of 20 and v?
20
Let h be (9 - 0) + (1 + 2)*27. What is the greatest common divisor of h and 3285?
45
Let r = 4335 + -4297. Calculate the greatest common divisor of r and 28.
2
Let m be -700*1/(-4)*2. Let v = -59223 + 59233. What is the greatest common factor of v and m?
10
Let w(z) = -7 + 9 + 13 + 4*z - 1. Let a(p) = -5*p - 13. Let f(u) = -2*a(u) - 3*w(u). Let j be f(-10). Calculate the greatest common divisor of j and 40.
4
Let u be (-146)/(-6) + -6*6/108. Suppose -u*f + 26*f = 270. Calculate the greatest common factor of 15 and f.
15
Suppose -m - 242 = -2*l + 57, 5*l - 748 = 3*m. Let t = l + -136. Calculate the greatest common divisor of t and 52.
13
Suppose -20 + 4 = -2*u. Let r = 1386 + -988. Let a = r + -318. What is the greatest common divisor of a and u?
8
Suppose 5942 - 46215 = -17*h. Calculate the highest common factor of h and 46.
23
Let y be (-30)/6*1*(-24)/15. Let t(f) = -80*f + 816. Let w be t(10). What is the highest common divisor of y and w?
8
Let d = -2090 + 2091. Suppose 0 = -4*k + 6 + 2. Suppose 6*u - u + 7 = k*y, -u + 2 = 3*y. Calculate the greatest common factor of d and y.
1
Suppose 0*r - 14221 = r + 2*h, 4*r - 3*h + 56906 = 0. Let c = 8461 + r. Let k be c/(-18) - ((-6)/27)/(-1). Calculate the highest common factor of k and 40.
40
Suppose -114 = -q - 2*l, 5*q = -2*l + 545 - 15. Calculate the highest common factor of q and 572.
52
Let h = -2475 - -2650. What is the highest common factor of h and 2275?
175
Suppose 4*c - 18*d = -17*d + 87, 2*d - 112 = -5*c. What is the greatest common factor of 5126 and c?
22
Suppose -286 - 3542 = 12*x. Let p = -294 - x. Calculate the highest common divisor of p and 25.
25
Suppose 55*r - 2746 + 1275 = 1829. What is the greatest common factor of 1220 and r?
20
Suppose -17*y - 280 + 923 + 275 = 0. What is the greatest common divisor of 3051 and y?
27
Suppose -3*c + 3*k + 14 = 7*k, 1 = -k. Suppose -7*t = 845 + 212. Let l = -147 - t. What is the highest common factor of l and c?
2
Suppose -524 = 7*a - 5739. Calculate the greatest common divisor of a and 1043.
149
Let u(o) = 25*o - 79. Let i be 1 + ((-66)/(-18) - (-4)/(-6)). Let j be u(i). Suppose -160 = -d + 8. Calculate the highest common divisor of d and j.
21
Let w(z) = 7*z - 68. Let u(i) = i**3 - i**2 - i + 1. Let y be u(3). Let b be w(y). Calculate the greatest common divisor of 33 and b.
11
Let l = -101 + 158. Let h = 3096 - 3077. Calculate the highest common factor of l and h.
19
Let d = -96 - -138. Let j(f) = f**3 + 27*f**2 + 168*f - 30. Let k be j(-16). Calculate the greatest common divisor of k and d.
14
Let u(t) = -12*t. Suppose -2*q = -4*m - 38, 4*q = -18*m + 15*m - 1. Let r be u(m). Calculate the highest common divisor of 14 and r.
14
Suppose -2*f = -0*f, -f = -5*a + 7375. What is the highest common divisor of a and 125?
25
Suppose 26 = -63*w + 76*w. Suppose -126 = -5*a + 3*g, 4*a + 3*g = 6 + 84. Let q = -20 + a. What is the highest common factor of w and q?
2
Suppose 58*l = -75445 + 263017. What is the greatest common factor of 110 and l?
22
Let z = 2 + 1064. Let d = -38 + 64. What is the greatest common factor of z and d?
26
Suppose -5 = -3*d - 4*b + 53, -2*b = 4. Let c = d - 7. Suppose 0 = 3*j - 11*j + 160. What is the greatest common factor of j and c?
5
Let p(w) = -5*w + 4. Let k be p(8). Let n(r) = r**2 + 8*r + 40. Let u be n(-